the prime factors of c?
2, 919
Suppose 5*w = p - 3*p - 12, -32 = -3*p + 5*w. Suppose -21 = -s - 3*s + 3*x, 4*s - 56 = -p*x. Suppose -f + 31 = s. List the prime factors of f.
2, 11
Suppose 0 = 133*m - 43*m - 255330. What are the prime factors of m?
2837
Let g(z) = -z**3 + 12*z**2 - 10*z + 3. Let j be g(11). Suppose 0*o = j*o - 112. List the prime factors of o.
2
Suppose 3*p = -2*x - 3*x + 607, 3*p = x - 125. Suppose -2*q = -2, 4*r - 2*q = 2*r + x. What are the prime factors of r?
2, 31
Suppose 1237 = 20*a - 783. What are the prime factors of a?
101
Let w be -1 - -5 - (-3 - -2). Suppose w*f + 203 = 613. List the prime factors of f.
2, 41
Let z = 19 + 445. List the prime factors of z.
2, 29
Let k(g) = g**3 - 6*g**2 - 3*g + 13. Let t be k(6). Let y = 3 + t. List the prime factors of ((-1)/y)/((-2)/(-12)).
3
Let l(o) = -22*o - 11 - 8 + 5 - 7*o**2 + 2*o**3. List the prime factors of l(7).
5, 7
Let r(o) = 180 - 231 + 10*o + 10*o. List the prime factors of r(7).
89
Let l = -12 - -14. Suppose 0 = l*m + 8, -3*a = -2*m - 2*m - 202. List the prime factors of a.
2, 31
Suppose -10*o + 7*o = -6. Let p = 8 - o. What are the prime factors of p?
2, 3
Let a = 2565 - 1632. List the prime factors of a.
3, 311
Suppose 2*g = -4, k - 3*g - 195 = 767. Suppose -2*z + k = 4*q + 2*z, 2*q = 2*z + 458. List the prime factors of q.
2, 3, 13
Let f(q) = q**3 - 5*q**2 - 2*q - 3. Suppose -4*y + 2*s + 32 = 0, 5*s - 3 = -4*y + 1. Let v be f(y). What are the prime factors of (2*v)/(14 - 13)?
2, 3, 7
Suppose 17*h - 318 = 14*h. Let l = h - 48. List the prime factors of l.
2, 29
Let k = -42 - -47. Suppose k*w = 4*y - 861, 5*y - 745 = 5*w + 325. List the prime factors of y.
11, 19
Suppose -4*m + 1 + 15 = 0. Suppose -2*a + 3*r + 4 + 2 = 0, 0 = 3*a + m*r + 8. Suppose -t + 97 = t - f, a = 2*t + 3*f - 85. List the prime factors of t.
47
Suppose -4*b = -3*x - 17, -b + 2*x = -5*b + 42. Let y(a) = a + 6. Let j be y(b). Let n = 32 - j. What are the prime factors of n?
2, 3
Let d be -3 + (-2 - (-6 - -1)). Suppose 26 = -v - 5*u, d*v - v + 5*u + 14 = 0. Let r = 31 + v. List the prime factors of r.
5
Let p(t) = -5 - t + 3*t + 11 - 3*t. Let f be p(8). Let d(x) = -17*x - 3. List the prime factors of d(f).
31
Let y(m) = -m**3 - 14*m**2 + 18. Suppose 4*v + 14 + 42 = 0. List the prime factors of y(v).
2, 3
Let m = -1100 - -2416. List the prime factors of m.
2, 7, 47
Let g = -664 + 1056. List the prime factors of g.
2, 7
Let g be (0/2)/(1 + -3). Suppose 2*q - 92 = 50. Suppose g = -2*u - 3*j + q, -3*u + 3*j + 22 = -47. List the prime factors of u.
2, 7
Let z(b) = 8*b**2 + 19*b**3 - 20*b**3 + 4 - 3 - 2 + 11*b. What are the prime factors of z(9)?
17
Let g = -85 - -45. Let f = g - -76. What are the prime factors of 24/f + 82/3?
2, 7
Let n be ((-144)/40)/((-2)/5). Suppose -6*q + n*q = 144. List the prime factors of q.
2, 3
Let h(v) = 4 - 8*v + 5*v + 12*v. List the prime factors of h(8).
2, 19
Suppose -c - 25 = 4*o - 431, 877 = 2*c - 5*o. List the prime factors of c.
2, 3, 71
Let d(a) = 33*a**3 - 3*a**2 + 2*a + 4. Let g be d(-2). Let u = g + 434. What are the prime factors of u?
2, 79
Suppose -y - 292 = 3*y. Let s = -19 - y. What are the prime factors of s?
2, 3
Let a = -4416 + 6482. List the prime factors of a.
2, 1033
Let l(v) = -v**2 + 4*v - 1. Let y be l(2). Suppose -9 = 3*u, 2*m - m = -y*u - 7. Suppose -m*d + d = -15. List the prime factors of d.
3, 5
Let k = 29 + -24. Suppose -7 = -m + k. List the prime factors of m.
2, 3
Suppose 5*k - 5*s - 5140 = 0, -4*s - 1606 = -2*k + 446. What are the prime factors of k?
2, 5, 103
Suppose -2*d = -k - 23, 3*d + 3 - 33 = 3*k. Let r = 14 - d. Let h(n) = 11*n + 2. List the prime factors of h(r).
13
Let n(s) = -4 - 2*s + 3*s**3 + 3 - 32*s**3. Let j be (-4)/(-18) - (-33)/(-27). List the prime factors of n(j).
2, 3, 5
Let l = -201 - -406. List the prime factors of l.
5, 41
Let b(q) = -145*q + 88. List the prime factors of b(-3).
523
Let b be (-315)/2*8/2. Let m be b/130 - 2/13. List the prime factors of (-4)/(-10)*(0 - m).
2
What are the prime factors of 1/2*(11 - -5395)?
3, 17, 53
Let b(t) = -t**3 + 10*t**2 + 16*t - 2. What are the prime factors of b(-7)?
719
What are the prime factors of 2662 - (2/16 - 570/(-304))?
2, 5, 7, 19
Let u(i) = 3*i**2 + 4*i + 21. Let w(c) = -c**2 + c + 1. Let z(n) = -u(n) - 5*w(n). List the prime factors of z(10).
2, 3, 7
Let k(y) = y**3 + 15*y**2 + 16. Let u be k(-15). Suppose 0 = -h - 3*h + u. What are the prime factors of 58/h - 1/(-2)?
3, 5
What are the prime factors of (48/(-40))/(6/(-2360))?
2, 59
Suppose 7*f - 630 - 3234 = 0. List the prime factors of f.
2, 3, 23
Let s = 18 - 14. Suppose 2*i = -2*p + 3*i - 27, 57 = -3*p - s*i. List the prime factors of (p + 14)/(1/(-26)).
2, 13
Suppose -31 = -5*c + 4. Let j(w) = w + 1. Let k(y) = 4*y - 6. Let t(n) = 3*j(n) - k(n). What are the prime factors of t(c)?
2
Let o(w) = -4*w + 2*w**2 + 2*w**2 + 6 - 3*w**2 - 1. Let p be o(-4). Suppose -2*r - 15 = -p. List the prime factors of r.
11
Let y be (318/27*-39)/(2/(-3)). Suppose d - 327 = -2*j, -4*j + 0*j = -5*d - y. What are the prime factors of j?
2, 83
Suppose -4*g - g - 20 = 0. Let y be (-1*4)/g - -62. Let c = -32 + y. List the prime factors of c.
31
Suppose -l + 18 = -107. List the prime factors of l.
5
Let y = -20 + 39. Let d(p) = -y - 7*p + 16 + 0*p. What are the prime factors of d(-8)?
53
Let h be 8 + 1 + (-4 - -1). Let n be 4 - 3*4/h. Suppose -4*d + n = -3*d. List the prime factors of d.
2
Let a = -6651 - -9722. What are the prime factors of a?
37, 83
Let s(n) = -n**3 - 5*n**2 + 5. Let d be s(-5). Suppose 3*u - z - 6 = -0*z, d*u + 5*z - 30 = 0. Suppose -u*k + 34 = -k. List the prime factors of k.
17
Suppose f - 67 - 51 = 0. Let c = f - 20. What are the prime factors of c?
2, 7
Let p(z) = 130*z - 159. List the prime factors of p(20).
2441
Suppose -11 = 3*r - 4*z, 4*r + 5*z = 4 + 33. Suppose 0 = -r*m + m. Suppose m*d - d = -44. What are the prime factors of d?
2, 11
Let k = -10 + 25. Suppose -2*g - k + 100 = 3*q, g = 5*q - 120. Suppose q - 95 = -5*x. List the prime factors of x.
2, 7
Suppose 9*v - 4 = 32. Suppose -5*y = v*l - 594, -y - l + 2*l = -117. What are the prime factors of y?
2, 59
Suppose 7 + 40 = 5*o - 3*p, -5*p - 55 = -5*o. Suppose -d + o + 7 = 0. What are the prime factors of d?
2, 7
Suppose -2*l = 2*i - 0 - 2, -2*i + 2 = 0. Suppose -5*u + 274 + 46 = l. List the prime factors of u.
2
Suppose 0 = 2*v + 5*g + 15, 7*v - 4*v - 5*g - 15 = 0. Suppose -15 = 2*s + s, -4*j + 5*s + 37 = v. Suppose 0 = -j*l + 2 + 43. List the prime factors of l.
3, 5
Let c(w) = -w**3 - 5*w**2 - 4*w - 3. Let n be c(-5). Let h(r) = -r**2 + 23*r - 32. What are the prime factors of h(n)?
2, 5, 7
Let q = -47 - -49. Suppose 0 = 2*d + q*d - 156. What are the prime factors of d?
3, 13
Suppose 19*v - 7*v - 3216 = 0. List the prime factors of v.
2, 67
Suppose 5*u = 2*n + 2*n + 12, 5*n = 3*u - 15. Suppose u*i - i = -1. Let t = 7 - i. What are the prime factors of t?
2, 3
Let a(i) = -6*i**2 + 8 + 2*i**3 - i**2 - 3 + 3*i**2 + 2*i. List the prime factors of a(3).
29
Suppose 0 = n + 2*l, 5*l = -4*n - n + 15. Suppose 0 = -7*a + 57 + n. What are the prime factors of a?
3
Suppose 2*s + 4*d - 76 = 0, 4*s - 164 = -2*d - 2*d. List the prime factors of 3/2 + 12958/s.
2, 37
Let o(l) = -l**3 - 5*l**2 - 6. Let p be o(-5). Let u = -320 - -319. List the prime factors of u/p*-3*-26.
13
Let u(q) = -5*q + 17. Let s = -20 - -11. What are the prime factors of u(s)?
2, 31
Suppose 2*u = -0*s - 2*s + 9482, 14223 = 3*u - 4*s. List the prime factors of u.
11, 431
Let r(o) = o**2 - 5*o + 7. Let h be r(4). Suppose -h*p + s = -s + 4, -3*p + 5*s = 1. List the prime factors of 2 + (-1 - p) + -1.
2
Let q = -58 + 61. Suppose 2*a = 2*f + 106, 0 = q*a - f - f - 163. What are the prime factors of a?
3, 19
Let z be (((-280)/25)/7)/((-2)/30). Suppose -108 = -q + z. What are the prime factors of q?
2, 3, 11
Suppose h - 4 = d + 2*d, d = -5*h - 60. List the prime factors of h/44 + 253/4.
3, 7
Suppose -6*l + 4*d - 2 = -4*l, 5*l = -5*d + 25. Suppose 528 = -l*v + 5*v. Suppose v = n + 5*n. List the prime factors of n.
2, 11
Suppose -4*v + 4 = -16. Let a(j) = 2*j**2 - 4*j + 9. What are the prime factors of a(v)?
3, 13
Suppose 0 = 5*a - f - 3455, -4*f = 2*a - 400 - 982. What are the prime factors of a?
691
Let p 